2*r + 1. What is i(u)?
2
Let w(g) = -4*g - 7. Let c(z) = -5*z - 7 + z - 5*z + 4*z. Let i be (5/15 - 1)*9*1. Let v(l) = i*c(l) + 7*w(l). What is v(7)?
7
Suppose q - 5 = 2. Let v(y) = -y - 4. Let r = 400 - 399. Let t(a) = 3*a - 11. Let o(x) = r*t(x) - v(x). What is o(q)?
21
Suppose -m = -1 + 5. Let h(d) be the second derivative of d**5/20 + d**4/3 + 2*d**2 - 13*d + 1. Determine h(m).
4
Let q = 249 - 154. Let x = -103 + q. Let h(j) = -j - 10. Determine h(x).
-2
Let r(x) = 29 + 20 + 3*x**2 + 23 - x + 13*x**2 - 69. Let f(m) = 7*m**2 + 2 + m**2 - 1. Let c(v) = -5*f(v) + 2*r(v). What is c(1)?
-9
Let v(x) = 15*x - 12. Let k(z) = -13*z + 8. Suppose -11*q + 12*q = -3. Let p(i) = q*v(i) - 4*k(i). What is p(-2)?
-10
Let m(k) be the second derivative of 0 + 7/12*k**4 - 170*k - 1/20*k**5 + 3/2*k**3 + 9/2*k**2. Give m(8).
17
Let q be (-10)/(-2*1/(-1)). Let u be 6 - (2 + 1 + -3). Let x(z) = 4*z**2 - 60 + 19 + 21 - u*z + 18 + z**3. Determine x(q).
3
Suppose -7*h = 13 - 41. Let j(d) be the first derivative of d**4/4 - 4*d**3/3 + d**2 - 5*d - 35. What is j(h)?
3
Suppose 2*p + 8 = 0, -7*f + 2*f - p - 604 = 0. Let x = 122 + f. Let q(r) = -r**2 + 7*r - 5. Determine q(x).
5
Let f be 4674/615 - ((-3)/(-5) - 0). Let z(x) = -11 - x + 5 + 13. What is z(f)?
0
Let k(d) = 2*d**3 + 27*d**2 - 53*d - 142. Let j be k(-15). Let p(i) = -i**2 - 23*i - 29. Determine p(j).
-7
Let v(p) = -21*p - 21. Let i(r) = -r**2 + 33*r + 426. Let c be i(-10). Determine v(c).
63
Suppose 3*l - 2*l = 4. Let c(t) = -13*t**2 - 8*t**2 - 2*t + l + 20*t**2 - 5*t. Calculate c(-7).
4
Let t(w) = -w**3 + 17*w**2 - 20*w + 14. Let a be t(16). Let o = -46 - a. Let b(u) = 5 + 160*u - 1 - 156*u - u**2. Calculate b(o).
4
Let d(c) = -3*c**2 - 36*c + 33. Let k be -2*7 - (-49)/49. Let a be d(k). Let g(m) = m**3 + 6*m**2 - m. Give g(a).
6
Let t(v) = -2*v - 4. Let f be t(-23). Let i be (28/f)/(3/18). Let h(x) = -2*x - 1. What is h(i)?
-9
Let j(a) = -2*a**2 - 7*a + 41. Let w(y) = y**2 - 30*y - 556. Let x be w(43). Calculate j(x).
2
Let s(m) = -m - 1. Let f be s(2). Let b be f/(-9) - (-22)/6. Let k(y) = 26 - 4*y**3 + 3*y**3 + y + 4*y**2 - 16 - 11 + 0*y**3. Calculate k(b).
3
Suppose -1 = -3*d + 5. Let s(x) = -13*x**2 + 13*x + 3. Let b(w) = 11*w**2 - 11*w - 3. Let z(m) = 8*b(m) + 7*s(m). What is z(d)?
-9
Let t be ((-5)/((-2)/(-2)))/(-1). Let d(p) be the second derivative of -p**4/12 + 5*p**3/6 - 664*p - 3. Calculate d(t).
0
Let p(r) be the first derivative of -7*r**4/4 + r**3/3 + r**2/2 - r + 23. Let y(u) = u**3 + 3*u**2 - 12*u + 1. Let w be y(0). Give p(w).
-6
Suppose -20*a = -21*a + 2. Suppose 0 = -a*v + 42*r - 45*r - 2, 3*v + 2*r + 13 = 0. Let u(j) = j**3 + 7*j**2 - j - 5. Give u(v).
2
Suppose -2*n = -4*c - 1083 + 1089, 4*n + 12 = -3*c. Let p(b) be the third derivative of 28*b**2 + 0*b + 0 + 1/12*b**4 + c*b**3. What is p(-1)?
-2
Let c = -298 - -300. Let g(f) = -f**c + 4*f**2 - 1 - 2*f**2 - 13*f**2. Determine g(1).
-13
Let j(n) = 57*n - 6. Let q(h) = 57*h - 6. Let d(m) = 6*j(m) - 5*q(m). Let i be d(1). Let t(x) = 48 + x + 2*x - i - x. Calculate t(-6).
-15
Suppose 41*i = 72*i. Let o(m) be the third derivative of i*m - 7/6*m**3 + 0 - 16*m**2 - 1/24*m**4. Calculate o(-5).
-2
Let j(a) = 171*a**2 + 6*a - 19. Let q(k) = 205*k**2 + 7*k - 17. Let o(c) = 6*j(c) - 5*q(c). Give o(0).
-29
Let f(x) = x**2 + 2*x - 6. Let q be (2 - 3)*(-6 - -3 - -1). Let s be f(q). Let a(l) = 2 + 5*l + 14*l**2 - 4*l - 9*l**s. What is a(-2)?
20
Let j(i) be the first derivative of -i**3/3 - 7*i**2/2 - 6*i - 192. Let p = -7 + 9. Suppose p*c - 8*c = 48. What is j(c)?
-14
Let z(f) = f**3 - 6*f**2 + 2*f + 3. Let v = 67 + -57. Let q be (5/v)/((-38)/20 + 2). Determine z(q).
-12
Let b(a) = -a**2 - 12*a + 72. Let r be b(-16). Let t be (-2 - -2 - r)*4/(-8). Let c(u) = 3*u**2 - 5*u - 2. Determine c(t).
26
Let g(n) be the second derivative of 5*n**3/6 - 5*n**2 + 967*n. Give g(1).
-5
Let a = -6227 + 6242. Let z(j) = 2*j**2 - 28*j - 19. Calculate z(a).
11
Suppose -1776*c + 1773*c + 6 = 0. Let y(p) = -8*p**2 + 0*p - 11 - 5 + 9*p**c + 4*p + 4*p. Calculate y(-11).
17
Let l(g) = 3*g**2 + 4*g + 18. Let q be l(-3). Suppose 2*m - 9 = q. Let d be (-28)/(-8)*(2 + (-6)/m). Let n(a) = -a**3 + 5*a**2 + 7*a + 4. What is n(d)?
10
Let j(x) = -x + 8. Let u(o) = 47 + 43 + 54 + 23*o. Let d be u(-6). Calculate j(d).
2
Suppose 26*q + 145 - 67 = 0. Let y(n) = -n**3 - 3*n**2 - 10*n - 9. Calculate y(q).
21
Suppose 4*o + 24 = -0*v + 4*v, 5*v + 2*o - 16 = 0. Let d(j) = v*j + 15*j**3 + 37*j**3 - 53*j**3 + j**2 + 2. Calculate d(-3).
26
Suppose 169*j - 173*j = l - 24, 3*l + 5 = -j. Let f(p) = p**2 + 10. What is f(j)?
59
Let n(t) be the first derivative of t**3/3 - 13*t**2/2 + 28*t + 1161. Determine n(10).
-2
Let u(r) = 41*r**2 - 8*r - 15. Let x(w) = -51*w**2 + 9*w + 16. Let t(h) = 5*u(h) + 4*x(h). Calculate t(7).
10
Let t(n) = n**3 - 6*n**2 - 11*n - 39. Let b(w) = -3*w**2 + w + 78. Let r be b(5). Calculate t(r).
1
Let w(p) = p**2 - 11*p - 2. Let h(m) be the third derivative of -m**5/60 - m**4/12 + 23*m**3/3 - m**2 - 14. Let s be h(5). Give w(s).
-2
Let p be (-224)/(-24)*((-153)/12 - -12). Let v(u) = u**3 + 9*u**2 + 13*u + 14. Determine v(p).
21
Suppose -24*o = -20*o + 3*y - 34, -26 = o - 5*y. Let q(k) = 2*k**3 - 9*k**2 + 4*k - 5. What is q(o)?
-5
Let a(k) = -k**2 - 6*k + 4. Let o = -1777 + 1782. Calculate a(o).
-51
Let h(v) be the first derivative of -7*v**2/2 + 6*v - 12. Let c be 1/(144/(-48) - 14/(-4)). What is h(c)?
-8
Let o(m) = 2*m**2 + 1. Let x(k) be the third derivative of -k**5/15 + k**4/6 + 5*k**3/3 - 14*k**2. Let l be x(5). Let q = l - -69. What is o(q)?
3
Let d(g) = g**3 + g**2 + 4. Let x = 301 - 291. Suppose -17 - x = -9*t. Give d(t).
40
Suppose -3*l + 2*a + 16 = -6, 0 = 4*l - 5*a - 41. Let d(k) = 10 - k - 10*k**2 + 16*k - l*k**3 + 3*k**3 + 2*k**3. Calculate d(8).
2
Let j(z) = -z**3 + 5*z**2 - 3*z + 20. Let o be j(5). Suppose -21 = 3*q - r, q - 6*r + o*r + 7 = 0. Let v(g) = -g**2 - 10*g - 1. Calculate v(q).
20
Let c be (-85)/(-40) + 4/(-32). Let q(g) = g**3 - g**2 - g - 2. Let j(b) = -3*b**3 - 14*b**2 - 14*b - 8. Let m(y) = c*q(y) + j(y). Give m(-15).
3
Suppose 3*m - 4*f - 10 = 0, 0*m + 5*f + 25 = 5*m. Suppose 502 = -m*c - 368. Let s = 91 + c. Let r(v) = -v + 6. Determine r(s).
2
Suppose 3*d + 46 = m + 6*d, 0 = -m + d + 34. Let v = 42 - m. Let u(t) be the third derivative of -t**5/60 + t**4/24 + t**3 + 4*t**2. Calculate u(v).
-14
Let p(n) = n**2 - 16*n + 17. Suppose 485 = -112*o + 2053. Give p(o).
-11
Let i(c) be the first derivative of -c**4/4 - 4*c**3 - 10*c**2 + 6*c + 13. Suppose 3*b = -4*w - 58, -15 - 1 = 3*b - 2*w. What is i(b)?
6
Let o = -613 + 618. Let m(d) = d**2 - 34*d + 144. Let i be m(o). Let u(l) = 2*l**3 + l**2 + l. Calculate u(i).
-2
Let d(a) = a**3 + a**2 + a - 2. Let z(l) = 3*l**3 + 2*l**2 + 2*l - 5. Let h(w) = -2*d(w) + z(w). Let t(i) = -4*i - 31. Let p be t(-7). Calculate h(p).
-28
Let t be -3 + (-144)/(-40) - (-342)/5. Let k = -64 + t. Let c(v) = -v**3 + 4*v**2 + 8*v - 4. What is c(k)?
11
Let i be (-228)/9*3/10*5. Let m = -36 - i. Let p(x) = -1 + m - 3 + 7 + x. What is p(-6)?
-1
Let q(z) be the third derivative of z**5/60 + z**4/24 + 53*z**3/6 - z**2 - 17*z - 4. What is q(0)?
53
Let s(y) = 8*y - 61. Let b be s(-13). Let u = b + 157. Let w(p) = p**3 + 7*p**2 - 7*p - 2. What is w(u)?
-10
Let s(a) = 4*a - 3. Let y(j) = -4*j**3 + 37*j**2 - 13*j + 39. Let l be y(9). What is s(l)?
9
Suppose -4 = -2*b + 28. Let q(u) = -118*u - 24. Let f(c) = -206*c - 49. Let g(z) = 4*f(z) - 7*q(z). Determine g(b).
4
Let m(a) = 6*a + 4. Let d(p) = -7*p - 5. Let g(r) = -5*d(r) - 6*m(r). Let k = -253 - -255. Suppose -3*c + q = -9, 5*q - 4 = -k*c + 2. Calculate g(c).
-2
Let f be 10/(-35) + (-18)/(-14). Let n(g) be the third derivative of -5*g**4/24 + 2*g**3/3 - 2302*g**2 + 2*g. What is n(f)?
-1
Let i = -293 + 299. Let m(o) = o**2 - o - 31. Let p be m(i). Let x(g) = -2*g**2 - 1. What is x(p)?
-3
Let t(y) = -7*y - 11. Let i(w) = -15*w - 22. Let q = 37 + -50. Let z(f) = q*t(f) + 6*i(f). Let b(k) = 2*k + 10. Let g(p) = -3*b(p) + 4*z(p). What is g(10)?
-6
Let h(s) = 2*s**3 - 25*s**2 - 10*s - 32. Let b = -15540 - -15553. Calculate h(b).
7
Let u = 59 + -55. Suppose -s + 12*b + 2 = 9*b, -9 = 3*s - u*b. Let d(c) = c - 10. Calculate d(s).
-17
Let p(n) be the second derivative of 7*n**3/3 - 142*n